t is the units digit of h?
9
Let g(z) = -2*z - 24. Let y be g(-18). Let h be -3*-2*10/y. Suppose 3*o + 8 = h*o, 0 = 5*q + 3*o - 257. What is the tens digit of q?
4
Let l(t) = 2*t - 23. Let s be l(12). What is the units digit of (-4 - 1)*(-5)/s?
5
What is the units digit of ((-840)/(-49))/((-1)/(-21))?
0
What is the tens digit of (-40)/(-6 + 312/54)?
8
Let z(q) = -q**3 + 18*q**2 - 4*q + 41. What is the tens digit of z(16)?
8
Suppose 10*u - 11*u = 15. What is the units digit of 3/(-9)*100*18/u?
0
Suppose -5*d - 3*u + 2047 = -5955, 2*u - 6402 = -4*d. What is the units digit of d?
1
Let h(g) = 3*g + 6. Let r(k) = -7*k - 13. Let t(c) = -5*h(c) - 2*r(c). Let f be t(-8). Suppose 0 = -5*u - 15, -f*d + d + 39 = -u. What is the units digit of d?
2
Let b(h) = 4*h**2 - h**3 - 4*h**2 + 18 + 22. Let d be b(0). Suppose -d = -2*t - 3*t. What is the units digit of t?
8
Suppose 5*q - 565 = -5*v, 2*v - 5*q = 153 + 87. Suppose -p + 3*t = -v, 5*p - 2*p - t = 361. Let c = p - 78. What is the tens digit of c?
4
Suppose 0 = -5*k - 5*m + 15, -2*k + 3*m = -3 - 3. Suppose k*j - 3270 = -12*j. What is the hundreds digit of j?
2
Suppose 6*y - 399 - 291 = 0. What is the tens digit of y?
1
Let a(z) = z**2 + 13*z + 34. Let u be (-7)/((-30)/12 + 3). What is the tens digit of a(u)?
4
Let l(g) = -5*g**2 + 71*g**3 - 3*g - 70*g**3 + 6 + 0*g. What is the tens digit of l(7)?
8
Let n(g) = g**3 + 3*g**2 + g + 3. Let w be n(-3). Suppose w = -5*d - 20, -76 = -4*u - 0*u + 3*d. Suppose 39 = x + u. What is the units digit of x?
3
Let g = 3259 - 2209. What is the hundreds digit of g?
0
Let f = -8 - -17. Suppose -4*z = f - 13. What is the units digit of z?
1
Let h be (-6 + 18)*(-4)/(-3). Let o = h - -47. What is the units digit of o?
3
What is the tens digit of 6330/9*36/15?
8
Let i(v) = -v**2 + v + 5. Let q be i(0). Let b = -2 + q. Suppose 0 = -b*c - 12, -c - 84 + 16 = -4*l. What is the tens digit of l?
1
Let b = -11 - 88. Let z = -53 - b. What is the tens digit of z?
4
Let m = 5873 - 3106. What is the thousands digit of m?
2
Suppose 2*s = 3*k - 20335 + 6583, 0 = k - 2*s - 4580. What is the hundreds digit of k?
5
Let i(b) = -b**3 - 3*b**2 + 4*b + 4. Let s be i(-5). Suppose c = -5*j + 2*c + 144, 5*c - s = -j. What is the tens digit of j?
2
What is the tens digit of (1 - 5) + 156 + 4?
5
Let w = 1688 - 737. What is the hundreds digit of w?
9
Let w(v) be the third derivative of v**7/840 - v**6/45 + 11*v**4/24 - v**3/6 + 6*v**2. Let h(c) be the first derivative of w(c). What is the tens digit of h(8)?
1
Let k(s) = -s**3 + 11*s**2 - 9*s - 16. Let v(m) = 9*m**2. Let z be v(1). What is the units digit of k(z)?
5
Let d be (-36)/10 - (-6)/10. Let n = 5 + d. Suppose -3*u - o + 4*o + 69 = 0, u - n*o = 25. What is the tens digit of u?
2
Suppose 226*m + 1026 = 228*m. What is the hundreds digit of m?
5
Let h(d) be the second derivative of -d**6/360 + 3*d**5/40 + d**4/12 - d**3/2 - d. Let n(r) be the second derivative of h(r). What is the tens digit of n(8)?
1
Let f = 83 - -74. What is the hundreds digit of f?
1
Let l be (21/(-14))/((-6)/16). Let z(b) = 5*b**2 + 2*b + 1. What is the units digit of z(l)?
9
Let l(b) = -b**2 + 4*b - 3. Let o be ((-12)/9)/(2/(-3)). Let d be l(o). What is the units digit of (-455)/(-28) - d/4?
6
Suppose 8*b - 4*z = 5*b + 12232, 4*z = -5*b + 20376. What is the thousands digit of b?
4
Let n = -26 - 73. Let d = n + 159. What is the units digit of d?
0
Suppose -4*d = 4*u - 0*d + 4, -3*u + d + 13 = 0. What is the tens digit of (-1984)/(-8) - (u + 0)?
4
Let p be (-2)/(-6)*(6 - -3). Suppose w = -p, 4*w = 4*m + 2*w - 970. What is the tens digit of m/6 - (-1)/(-6)?
4
Let x(h) be the third derivative of -h**5/60 + h**4/4 + h**3/3 + h**2. Let g be x(6). Suppose 34 + g = 2*a. What is the tens digit of a?
1
Let w be (14/(-21))/((-3)/9). Suppose 0 = -5*y - l - 0*l + 251, w*l - 2 = 0. What is the tens digit of y?
5
Suppose -7*t + 41910 = 15*t. What is the hundreds digit of t?
9
Suppose -17*p = 4*a - 22*p - 8219, -3*a = -2*p - 6173. What is the hundreds digit of a?
0
Let c = 7 + -10. Let w = c + 6. Suppose w*s = 7*s, -69 = -3*p - 4*s. What is the units digit of p?
3
Suppose -10 = -4*k + 2. Suppose 0*y + 367 = 5*u + y, 0 = -4*u - k*y + 298. Suppose 4*m + q - 5*q = 64, 2*q - u = -3*m. What is the units digit of m?
1
What is the tens digit of (2 + -56*7)/(14/(-35))?
7
Suppose 0*o = -7*o. Suppose o*w = -2*w + 2. What is the units digit of w?
1
Let m = 12 + 16. Let r = -13 + m. What is the units digit of r?
5
Let d(y) be the first derivative of -1/2*y**2 - 6 + 4*y + 4/3*y**3. What is the units digit of d(-3)?
3
Suppose -3*q - 3*n + 2775 = 0, -n - 1858 = -2*q + n. What is the tens digit of q?
2
Suppose 250*g = 243*g + 19243. What is the hundreds digit of g?
7
What is the units digit of (-1 + (-4)/(-3))/(17/5559)?
9
Suppose -h + 4*u = 4*h - 1122, 0 = -h - 3*u + 213. What is the hundreds digit of h?
2
Let n(g) = -16*g. Let l(t) = 17*t - 1. Let o(f) = 4*l(f) + 5*n(f). What is the units digit of o(-8)?
2
Let y(t) = t**3 - 2*t**2 + 2*t + 6. Let g be y(4). Suppose -i = i - 2*z - g, 4*i = 3*z + 94. What is the units digit of i?
5
Let i = -10 + 22. Suppose -7*t = -i*t. Suppose t = -2*o + 36. What is the units digit of o?
8
Let i = 2078 + -1341. What is the hundreds digit of i?
7
Suppose 124 + 1176 = x. Suppose -x = 4*d - 14*d. What is the units digit of d?
0
Let i be (-288)/30 - 3/(-5). Let v = 19 + i. Suppose 6*u - v = u. What is the units digit of u?
2
Suppose -4*q - 54 = -306. Let c(h) = 40*h + 1. Let t be c(-1). Let a = q + t. What is the tens digit of a?
2
Suppose 0 = -3*d - 89 - 322. Let u be (-4)/(-6)*(1 - d). Suppose -4*p + 16 = -u. What is the units digit of p?
7
Let j = -49 - -49. Suppose 144 = 2*c - j*c. What is the units digit of c?
2
Let r(b) = b**2 + 16*b + 14. Let n(w) = -18*w**3 + 2*w**2 - 3*w + 1. Suppose 0 = -0*k + k - 1. Let i be n(k). What is the tens digit of r(i)?
5
Let c(o) = o**2 - 7*o + 3. Let k be c(2). Let l(y) = -6*y + 9. What is the units digit of l(k)?
1
Let f be (-1)/3*0 + 2. Suppose -f - 1 = -m. Suppose 0 = -u + 3 + m. What is the units digit of u?
6
Suppose 5*z - 1378 - 162 = 4*i, -3*z + 887 = 5*i. Suppose 5*u = u + z. What is the units digit of u?
6
Suppose -2125*k + 2116*k + 30096 = 0. What is the units digit of k?
4
Let g(o) = -o**2 + 19*o + 3 - 1 + 7. Let l be (-1)/4 + (-793)/(-52). What is the tens digit of g(l)?
6
Let u = 41 - 86. Let c = u + 167. What is the hundreds digit of c?
1
Let c(i) = 11*i**2 - 2*i - 6. What is the hundreds digit of c(6)?
3
Suppose -d = 20 - 178. Let r = d - 13. What is the units digit of r?
5
What is the hundreds digit of 10/(-6)*54/(-72)*1416?
7
Let i(d) = -d**3 + 12*d**2 + 32*d - 1. Let p(h) = h**3 - 11*h**2 - 31*h. Let c(o) = -6*i(o) - 5*p(o). What is the units digit of c(19)?
5
Suppose 361*v + 19954 = 372*v. What is the units digit of v?
4
Suppose -3*n - b = -116, n + b = -0*b + 40. Suppose 0 = 4*y + y - 2*a - 34, -49 = -5*y - 3*a. Let f = n - y. What is the units digit of f?
0
Let q = 903 + -571. Let p = -213 + q. What is the hundreds digit of p?
1
Let t(a) = -10 + 12*a + 3 - 11*a + 13*a. What is the tens digit of t(6)?
7
Suppose -67*l + 83*l = 39360. What is the thousands digit of l?
2
Let o = 41 - 47. Let n(x) = -x**3 + 9*x**2 + 10*x + 4. Let j(d) = 3*d**3 - 19*d**2 - 21*d - 8. Let b(f) = -2*j(f) - 5*n(f). What is the units digit of b(o)?
8
Let s = 17 + -12. Suppose 5*k - 5*z = 25, -z = -s*k + 6*k - 15. What is the units digit of k?
0
Suppose -2*q - q - 180 = 3*m, -5*q + 127 = -2*m. Let k = m + 174. What is the units digit of k?
3
Let t = 35 + -30. Suppose 2 + 8 = t*k. Suppose -k*i = -4*i + 50. What is the units digit of i?
5
Let w = 5143 - 3581. What is the units digit of w?
2
Suppose 2*u = -0 + 4. Suppose -11 = -u*v + 3*v. Let m = v + 19. What is the units digit of m?
8
Let i(d) = d - 5. Let x be i(11). Suppose 5*p = x*p + b - 122, -5*p + 5*b = -650. Suppose g = -2*g + p. What is the tens digit of g?
4
Let d = 18 - 16. Suppose d*q - 6 = 0, -g = -3*g - 2*q + 32. Let l = 36 - g. What is the tens digit of l?
2
Suppose -3*y + 179 = y - 3*d, -5*d = -4*y + 173. Let k = y - 42. What is the units digit of k?
5
Let k(y) = -y**3 - 7*y**2 - 8*y - 6. Let w be k(-7). Let i = w + 24. What is the units digit of i?
4
Let i(b) = 63*b**2 + 3*b. Le